{"id":2106,"date":"2026-04-28T17:56:17","date_gmt":"2026-04-28T15:56:17","guid":{"rendered":"https:\/\/www.jvdiana.de\/cm\/?post_type=tribe_events&#038;p=2106"},"modified":"2026-04-28T18:05:15","modified_gmt":"2026-04-28T16:05:15","slug":"vorstellungsabend-jungjaegerkurs","status":"publish","type":"tribe_events","link":"https:\/\/www.jvdiana.de\/cm\/event\/vorstellungsabend-jungjaegerkurs\/","title":{"rendered":"Vorstellungsabend Jungj\u00e4gerkurs 2026 &#8211; 2027"},"content":{"rendered":"<p>Hallo liebe Interessenten f\u00fcr den Jagdscheinkurs 2026-27 beim Jagdverein Diana H\u00fcnfeld,<\/p>\n<p>der Termin f\u00fcr den Vorstellungsabend steht.<\/p>\n<p>Dieser wird am <strong>Dienstag 30. Juni um 19:00 Uhr <\/strong><\/p>\n<p>am Schie\u00dfstand des Jagdvereins in Dammersbach stattfinden.<\/p>\n<p>Die Ausbilder werden an diesem Abend sich und ihre F\u00e4cher vorstellen, es wird allgemeine Informationen zum Kursablauf geben und es k\u00f6nnen nat\u00fcrlich Fragen gestellt werden.<\/p>\n<p>Auch wird es eine kleine Vorstellungsrunde seitens der Kursteilnehmer geben.<\/p>\n<p>F\u00fcr eure Jahresplanung teile ich schon mal mit, dass der <strong>Kurs dann am Freitag 14. August um 19:00 Uhr starten wird<\/strong>, der Unterricht ist dann jedes zweite Wochenende Freitag\/Samstag\/Sonntag.<\/p>\n<p>Bis zum Vorstellungsabend wird die genaue F\u00e4chereinteilung dann vermutlich auch feststehen.<\/p>\n<p>Mit freundlichen Gr\u00fc\u00dfen<\/p>\n<p><img loading=\"lazy\" decoding=\"async\" class=\"alignnone size-full wp-image-93\" src=\"https:\/\/www.jvdiana.de\/cm\/wp-content\/uploads\/2019\/07\/vorstand_patrick_figge.jpg\" alt=\"\" width=\"200\" height=\"250\" srcset=\"https:\/\/www.jvdiana.de\/cm\/wp-content\/uploads\/2019\/07\/vorstand_patrick_figge.jpg 200w, https:\/\/www.jvdiana.de\/cm\/wp-content\/uploads\/2019\/07\/vorstand_patrick_figge-120x150.jpg 120w\" sizes=\"auto, (max-width: 200px) 100vw, 200px\" \/><\/p>\n<p>Patrick Figge<br \/>\nJagdverein Diana H\u00fcnfeld<br \/>\n-Obmann Jungj\u00e4gerausbildung\u2013<br \/>\nBrunnenstra\u00dfe 18<br \/>\n36151 Burghaun<br \/>\nMobil: 0171 2815041<\/p>\n","protected":false},"excerpt":{"rendered":"<p>Hallo liebe Interessenten f\u00fcr den Jagdscheinkurs 2026-27 beim Jagdverein Diana H\u00fcnfeld, der Termin f\u00fcr den Vorstellungsabend steht. Dieser wird am Dienstag 30. Juni um 19:00 Uhr am Schie\u00dfstand des Jagdvereins in Dammersbach stattfinden. Die Ausbilder werden an diesem Abend sich und ihre F\u00e4cher vorstellen, es wird allgemeine Informationen zum Kursablauf&#8230;<\/p>\n<p> <a class=\"continue-reading-link\" href=\"https:\/\/www.jvdiana.de\/cm\/event\/vorstellungsabend-jungjaegerkurs\/\"><span>Weiterlesen&#8230;<\/span><i class=\"crycon-right-dir\"><\/i><\/a> <\/p>\n","protected":false},"author":1,"featured_media":702,"template":"","meta":{"_tribe_events_status":"","_tribe_events_status_reason":"","footnotes":""},"tags":[],"tribe_events_cat":[],"class_list":["post-2106","tribe_events","type-tribe_events","status-publish","has-post-thumbnail","hentry"],"_links":{"self":[{"href":"https:\/\/www.jvdiana.de\/cm\/wp-json\/wp\/v2\/tribe_events\/2106","targetHints":{"allow":["GET"]}}],"collection":[{"href":"https:\/\/www.jvdiana.de\/cm\/wp-json\/wp\/v2\/tribe_events"}],"about":[{"href":"https:\/\/www.jvdiana.de\/cm\/wp-json\/wp\/v2\/types\/tribe_events"}],"author":[{"embeddable":true,"href":"https:\/\/www.jvdiana.de\/cm\/wp-json\/wp\/v2\/users\/1"}],"version-history":[{"count":2,"href":"https:\/\/www.jvdiana.de\/cm\/wp-json\/wp\/v2\/tribe_events\/2106\/revisions"}],"predecessor-version":[{"id":2111,"href":"https:\/\/www.jvdiana.de\/cm\/wp-json\/wp\/v2\/tribe_events\/2106\/revisions\/2111"}],"wp:featuredmedia":[{"embeddable":true,"href":"https:\/\/www.jvdiana.de\/cm\/wp-json\/wp\/v2\/media\/702"}],"wp:attachment":[{"href":"https:\/\/www.jvdiana.de\/cm\/wp-json\/wp\/v2\/media?parent=2106"}],"wp:term":[{"taxonomy":"post_tag","embeddable":true,"href":"https:\/\/www.jvdiana.de\/cm\/wp-json\/wp\/v2\/tags?post=2106"},{"taxonomy":"tribe_events_cat","embeddable":true,"href":"https:\/\/www.jvdiana.de\/cm\/wp-json\/wp\/v2\/tribe_events_cat?post=2106"}],"curies":[{"name":"wp","href":"https:\/\/api.w.org\/{rel}","templated":true}]}}

Vorstellungsabend Jungjägerkurs 2026 &#8211; 2027

<p>Hallo liebe Interessenten für den Jagdscheinkurs 2026-27 beim Jagdverein Diana Hünfeld,</p>
<p>der Termin für den Vorstellungsabend steht.</p>
<p>Dieser wird am <strong>Dienstag 30. Juni um 19:00 Uhr </strong></p>
<p>am Schießstand des Jagdvereins in Dammersbach stattfinden.</p>
<p>Die Ausbilder werden an diesem Abend sich und ihre Fächer vorstellen, es wird allgemeine Informationen zum Kursablauf geben und es können natürlich Fragen gestellt werden.</p>
<p>Auch wird es eine kleine Vorstellungsrunde seitens der Kursteilnehmer geben.</p>
<p>Für eure Jahresplanung teile ich schon mal mit, dass der <strong>Kurs dann am Freitag 14. August um 19:00 Uhr starten wird</strong>, der Unterricht ist dann jedes zweite Wochenende Freitag/Samstag/Sonntag.</p>
<p>Bis zum Vorstellungsabend wird die genaue Fächereinteilung dann vermutlich auch feststehen.</p>
<p>Mit freundlichen Grüßen</p>
<p><img loading="lazy" decoding="async" class="alignnone size-full wp-image-93" src="https://www.jvdiana.de/cm/wp-content/uploads/2019/07/vorstand_patrick_figge.jpg" alt="" width="200" height="250" srcset="https://www.jvdiana.de/cm/wp-content/uploads/2019/07/vorstand_patrick_figge.jpg 200w, https://www.jvdiana.de/cm/wp-content/uploads/2019/07/vorstand_patrick_figge-120x150.jpg 120w" sizes="auto, (max-width: 200px) 100vw, 200px" /></p>
<p>Patrick Figge<br />
Jagdverein Diana Hünfeld<br />
-Obmann Jungjägerausbildung–<br />
Brunnenstraße 18<br />
36151 Burghaun<br />
Mobil: 0171 2815041</p>

<p>Hallo liebe Interessenten für den Jagdscheinkurs 2026-27 beim Jagdverein Diana Hünfeld, der Termin für den Vorstellungsabend steht. Dieser wird am Dienstag 30. Juni um 19:00 Uhr am Schießstand des Jagdvereins in Dammersbach stattfinden. Die Ausbilder werden an diesem Abend sich und ihre Fächer vorstellen, es wird allgemeine Informationen zum Kursablauf&#8230;</p>
<p> <a class="continue-reading-link" href="https://www.jvdiana.de/cm/event/vorstellungsabend-jungjaegerkurs/"><span>Weiterlesen&#8230;</span><i class="crycon-right-dir"></i></a> </p>
